{"id":228,"date":"2018-06-20T19:58:17","date_gmt":"2018-06-20T17:58:17","guid":{"rendered":"https:\/\/www.paultex.it\/?page_id=228"},"modified":"2019-05-06T19:50:23","modified_gmt":"2019-05-06T17:50:23","slug":"fiere","status":"publish","type":"page","link":"https:\/\/www.paultex.it\/es\/fiere\/","title":{"rendered":"Exposiciones"},"content":{"rendered":"<p><strong>Exposiciones:<\/strong><\/p>\n<p>Paultex participa anualmente en las ferias m\u00e1s importantes del mundo textil:<\/p>\n<p><strong>Par\u00eds <\/strong>&#8211; Premiere Vision,<\/p>\n<p><strong>M\u00f3naco<\/strong> &#8211; <a href=\"https:\/\/www.google.it\/url?sa=t&amp;rct=j&amp;q=&amp;esrc=s&amp;source=web&amp;cd=1&amp;cad=rja&amp;uact=8&amp;ved=0ahUKEwiZltyXmKjbAhUDYJoKHTbqA3MQFggnMAA&amp;url=https%3A%2F%2Fwww.nfiere.com%2Fmunich-fabric-start-0%2F&amp;usg=AOvVaw1SOCXM1wKRnBTD_nFovw1F\">Munich Fabric Start <\/a>,<\/p>\n<p><strong>Londres<\/strong>\u00a0&#8211; <a href=\"https:\/\/www.google.it\/url?sa=t&amp;rct=j&amp;q=&amp;esrc=s&amp;source=web&amp;cd=1&amp;cad=rja&amp;uact=8&amp;ved=0ahUKEwix7ubVmKjbAhXhFZoKHYEqBFcQFggwMAA&amp;url=https%3A%2F%2Fwww.nfiere.com%2Fthe-london-textile-fair%2F&amp;usg=AOvVaw1ACocRplIhKLwOqicn8QUE\">The London Textile Fair <\/a><\/p>\n<p><strong>Mil\u00e1n <\/strong>&#8211; Milano Unica<\/p>","protected":false},"excerpt":{"rendered":"<p>Exposiciones: Paultex participa anualmente en las ferias m\u00e1s importantes del mundo textil: Par\u00eds &#8211; Premiere Vision, M\u00f3naco &#8211; Munich Fabric Start , Londres\u00a0&#8211; The London Textile Fair Mil\u00e1n &#8211; Milano Unica<\/p>\n","protected":false},"author":2,"featured_media":0,"parent":0,"menu_order":0,"comment_status":"closed","ping_status":"closed","template":"","meta":{"footnotes":""},"_links":{"self":[{"href":"https:\/\/www.paultex.it\/es\/wp-json\/wp\/v2\/pages\/228"}],"collection":[{"href":"https:\/\/www.paultex.it\/es\/wp-json\/wp\/v2\/pages"}],"about":[{"href":"https:\/\/www.paultex.it\/es\/wp-json\/wp\/v2\/types\/page"}],"author":[{"embeddable":true,"href":"https:\/\/www.paultex.it\/es\/wp-json\/wp\/v2\/users\/2"}],"replies":[{"embeddable":true,"href":"https:\/\/www.paultex.it\/es\/wp-json\/wp\/v2\/comments?post=228"}],"version-history":[{"count":4,"href":"https:\/\/www.paultex.it\/es\/wp-json\/wp\/v2\/pages\/228\/revisions"}],"predecessor-version":[{"id":351,"href":"https:\/\/www.paultex.it\/es\/wp-json\/wp\/v2\/pages\/228\/revisions\/351"}],"wp:attachment":[{"href":"https:\/\/www.paultex.it\/es\/wp-json\/wp\/v2\/media?parent=228"}],"curies":[{"name":"wp","href":"https:\/\/api.w.org\/{rel}","templated":true}]}}

<p><strong>Exposiciones:</strong></p>
<p>Paultex participa anualmente en las ferias más importantes del mundo textil:</p>
<p><strong>París </strong>&#8211; Premiere Vision,</p>
<p><strong>Mónaco</strong> &#8211; <a href="https://www.google.it/url?sa=t&amp;rct=j&amp;q=&amp;esrc=s&amp;source=web&amp;cd=1&amp;cad=rja&amp;uact=8&amp;ved=0ahUKEwiZltyXmKjbAhUDYJoKHTbqA3MQFggnMAA&amp;url=https%3A%2F%2Fwww.nfiere.com%2Fmunich-fabric-start-0%2F&amp;usg=AOvVaw1SOCXM1wKRnBTD_nFovw1F">Munich Fabric Start </a>,</p>
<p><strong>Londres</strong> &#8211; <a href="https://www.google.it/url?sa=t&amp;rct=j&amp;q=&amp;esrc=s&amp;source=web&amp;cd=1&amp;cad=rja&amp;uact=8&amp;ved=0ahUKEwix7ubVmKjbAhXhFZoKHYEqBFcQFggwMAA&amp;url=https%3A%2F%2Fwww.nfiere.com%2Fthe-london-textile-fair%2F&amp;usg=AOvVaw1ACocRplIhKLwOqicn8QUE">The London Textile Fair </a></p>
<p><strong>Milán </strong>&#8211; Milano Unica</p>

<p>Exposiciones: Paultex participa anualmente en las ferias más importantes del mundo textil: París &#8211; Premiere Vision, Mónaco &#8211; Munich Fabric Start , Londres &#8211; The London Textile Fair Milán &#8211; Milano Unica</p>
